 12, -18 = 2*r + 5*v. Let d(i) = i + 1. Let n be d(r). Suppose 0 = -2*t - n*t + 84. Calculate the remainder when 60 is divided by t.
18
Let r(h) = 122*h**2 + h + 2. Let j be r(2). Suppose 5*a + 362 = 4*k - 294, j = 3*k - a. Calculate the remainder when k is divided by 11.
10
Suppose 5*o - 6 + 3 = m, -5*o - 3*m - 9 = 0. Suppose -4*t = 5*c - 0*c - 105, -2*t - 10 = o. Calculate the remainder when 95 is divided by c.
20
Let i(d) = 5*d - 110. What is the remainder when i(25) is divided by 3?
0
Let l = -190 + 203. Calculate the remainder when 310 is divided by l.
11
Let m(d) = 12*d**2 + 18*d + 19. Calculate the remainder when 921 is divided by m(-1).
11
Let f = 19 - 12. What is the remainder when 53 is divided by f?
4
Calculate the remainder when 116 is divided by (144/(-120))/(6/(-200)).
36
Let u = 235 - 520. Calculate the remainder when (5*2)/((-1)/(-9)) is divided by 6/((-72)/u) - (-6)/(-8).
21
Let k be (-645)/(-60) + (-6)/8. What is the remainder when ((-88)/k)/2*-25 is divided by 38?
34
Let z = -292 - -296. Calculate the remainder when 81 is divided by z.
1
Suppose -5*c + 10 = -120. Suppose -3*s + 68 = -h + 3*h, s - c = -4*h. Suppose -8*q = -9*q + s. Calculate the remainder when 42 is divided by q.
20
Let x = 3 - -1. Suppose 3*i = 14 + x. Suppose -7*w + 2*w = 2*n - 54, i = w + 2*n. Calculate the remainder when 33 is divided by w.
9
Suppose -544 - 467 = -3*x. What is the remainder when x is divided by 10?
7
Suppose -5 = -l + 2. Suppose 0 = -287*i + 274*i + 520. Calculate the remainder when i is divided by l.
5
Calculate the remainder when (-1838)/(-12) - 51/306 is divided by 14.
13
Let i be 6/(-15) + (-456)/(-15). Calculate the remainder when 38 is divided by (-3 - 87/6)*(-24)/i.
10
Suppose 5*t + 16 = 3*l, 3 = -3*l - 5*t - 1. Suppose -32 - 14 = -l*i. What is the remainder when 114 is divided by i?
22
Suppose d + 83 = 4*v, -2*d - 2*d = -20. Calculate the remainder when 39 is divided by v.
17
Let h = -52 - -59. Let s = 19 - h. Calculate the remainder when 46 is divided by s.
10
Suppose -40*s + 24*s + 3216 = 0. Calculate the remainder when s is divided by 6.
3
Let c(n) = -n**3 + 26*n**2 - 47*n - 9. Calculate the remainder when 283 is divided by c(24).
13
Suppose 4 = 3*y - y. Let w be -71 + -1 - 4/y. Let u = w - -131. What is the remainder when u is divided by 10?
7
Suppose 12*j - 85 - 143 = 0. What is the remainder when 244 is divided by j?
16
Suppose 0 = 4*c + 2*r - 440, -3*c - 3*r + r + 332 = 0. Suppose -5*z + 12 + c = 0. Let m = 39 + z. Calculate the remainder when m is divided by 16.
15
Calculate the remainder when 964 is divided by (-56)/40 + 3060/25.
117
Let k = -85 - -89. Calculate the remainder when 8 is divided by k.
0
Suppose -177 = -10*o + 353. Calculate the remainder when o is divided by 15.
8
Let u(m) = 2*m**2 + 11*m + 25. What is the remainder when u(-10) is divided by 27?
7
Suppose -z = -c - 104, -z - 2*z + c + 314 = 0. Calculate the remainder when z is divided by 36.
33
Let s = 8 - 2. Suppose -6*l + 5*l = -3. Suppose l*k - s = 36. What is the remainder when k is divided by 8?
6
Calculate the remainder when 2244/36 + (-10)/(-15) is divided by 5.
3
Let c = 2573 - 2549. Calculate the remainder when 287 is divided by c.
23
Suppose 0 = -6*o + 11*o - 25. Let s = o + -31. Let f = s - -42. What is the remainder when 47 is divided by f?
15
Let l = -4138 + 7021. Calculate the remainder when l is divided by 39.
36
Let l = -13 - -9. Let i = 13 - l. Calculate the remainder when i is divided by 4.
1
Suppose 1331 - 231 = 5*w. Suppose -643 = -3*s + 5*v - w, 4*s + 5*v = 599. Suppose -s = -3*k + 67. Calculate the remainder when k is divided by 24.
23
Let r(l) = 2*l**3 + l**2 + 2*l + 7. Calculate the remainder when 31 is divided by r(0).
3
Suppose -1 = t - 22. Let w = -14 + 13. What is the remainder when 82 + (-1 - w)/4 is divided by t?
19
Suppose 0*m + 191 = m. Let y = -284 + m. Let f = y - -140. What is the remainder when f is divided by 12?
11
Suppose -183*b = -182*b - 178. What is the remainder when b is divided by 10?
8
Let s = 20 + 5. Calculate the remainder when (-472)/(-5) + (-1)/((-30)/18) is divided by s.
20
Let n = 66 - -29. Suppose 3*s + 26 - n = 0. Calculate the remainder when s is divided by 12.
11
Let a(c) = 3*c + 101. Calculate the remainder when a(-23) is divided by 24.
8
What is the remainder when 273 is divided by (-15)/20 - 2830/(-40)?
63
Suppose 4*f + 5*u + 52 = -2, 28 = -2*f - 3*u. Let l be 7/(112/20)*-20. Let d = f - l. Calculate the remainder when d is divided by 8.
6
Suppose -5*h + 30 + 25 = 0. Let g(p) be the third derivative of -p**4/4 + 7*p**2. What is the remainder when g(-7) is divided by h?
9
Suppose 0*l = 6*l + 48. Let t(b) = 2*b**2 + 15*b - 3. Let p be t(l). Suppose -3*m + p*m - 34 = 0. What is the remainder when m is divided by 5?
2
Let v(z) = z - 7. Suppose 3*o = 5*a - 30, 17 = 3*a + o - 3*o. Let l be v(a). Suppose -2*p + 8 = l*p. What is the remainder when 3 is divided by p?
1
Suppose a - 4 = 6. Let n(r) = 3*r - 11. What is the remainder when 39 - ((-6)/(-1) + -4) is divided by n(a)?
18
Let q = -6 - -4. Calculate the remainder when 62 is divided by q/24*9*(-9 + 1).
2
Let u(h) = h**2 + 6*h - 10. Let w be u(-8). Let s(y) = y + 4. Let o be s(-5). Calculate the remainder when 21 is divided by -33*o/(-3 + w).
10
Calculate the remainder when (-7)/(-2)*(-4 + 18) is divided by 38.
11
Let p = -300 - -365. What is the remainder when p is divided by 136/(-6)*12/(-8)?
31
Let u(q) = q**3 - 11*q**2 - 17*q + 1. Let z be u(12). Let m = -46 - z. Calculate the remainder when 23 is divided by m.
10
Let w(t) be the first derivative of -5*t**2/2 - 4*t - 1. Let j(a) = 39*a**2 - 264*a - 23. Calculate the remainder when j(7) is divided by w(-5).
19
Suppose 3*d - 63 = l, 15*d - 14*d - l = 23. Let u = 18 + -29. Let c = d + u. What is the remainder when 20 is divided by c?
2
Suppose 0 = 5*n - 4*v - 152, -4*v + 8 + 0 = 0. Let b = n + -53. Let w = b - -30. What is the remainder when 17 is divided by w?
8
Suppose 5*w + t - 18 - 9 = 0, 0 = -4*w - 5*t + 30. What is the remainder when w is divided by 3?
2
Let p(j) = 2*j**2 - 7*j + 7. Calculate the remainder when p(4) is divided by 7.
4
Suppose -x + 0*x + 2 = 0. What is the remainder when x is divided by (-10)/6*3/(-5)?
0
Let s be (-2)/8 - 3/(-12). Suppose 22 = c - s*c. Suppose 4*j + 2*k - 26 = 0, 5*k = 4*j - 2*j - 7. What is the remainder when c is divided by j?
4
Let l = 64 - 70. Let a(g) be the first derivative of g**4/4 + 7*g**3/3 - 9*g**2/2 - 6*g + 1. Calculate the remainder when a(l) is divided by 17.
16
Let r(k) = 24*k + 14. What is the remainder when r(0) is divided by 8?
6
Let k = -1926 + 1968. What is the remainder when 148 is divided by k?
22
Let v(z) = -16*z - 198. Calculate the remainder when 247 is divided by v(-15).
37
What is the remainder when (6/45 - (-187)/(-165)) + (-1 - -105) is divided by 25 - (2/2)/(-1)?
25
Suppose 10*g - 18*g = -88. Calculate the remainder when 147 is divided by g.
4
Let y be (-96)/(-128) - ((-69)/(-4))/3. Let u(t) = -t**3 - t**2 + 2*t - 7. What is the remainder when u(y) is divided by 29?
25
Suppose -2*g = 5*o - 65, -3*o + 38 = -g - 1. Calculate the remainder when 75 is divided by o.
10
Let x(k) = 3*k + 29. Suppose 17*o + 87 - 2 = 0. Let v = -114 + 169. Calculate the remainder when v is divided by x(o).
13
Let k = 46 - -114. What is the remainder when k is divided by 81?
79
Suppose 0 = -13*t + 14*t + 33. Let n = 46 + t. What is the remainder when 24 is divided by n?
11
Let h(y) be the second derivative of y**4/12 - 7*y**3/3 - 23*y**2/2 + 6*y. Let z be (2/3)/(12/288). Calculate the remainder when 35 is divided by h(z).
8
Let c = -202 - -294. What is the remainder when 287 is divided by c?
11
Suppose 0 = -4*l + 3*j + 18, 2*j - 27 = 3*l - 41. Calculate the remainder when 50 is divided by l.
2
Suppose -4*w = 0, 5*w = -h + w + 96. Suppose 0 = -u - 2*u + h. Let n(x) = 3*x**2 + 5*x + 9. Calculate the remainder when u is divided by n(-2).
10
Suppose -5*c + 655 = 5*p, 5*c + 0*p - p = 679. Let x(n) = -7*n + 2. What is the remainder when c is divided by x(-3)?
20
Let i be (-28)/(26/48 + (-4)/6). What is the remainder when 123 is divided by -1*1 + i/7?
30
Let m be (-362)/(-3) - 2/(-6). Let f = m - 73. Suppose 207*g = 417*g - 236*g + 338. Calculate the remainder whe